{"id":8,"date":"2017-09-05T18:57:39","date_gmt":"2017-09-05T16:57:39","guid":{"rendered":"http:\/\/localhost\/tierphysioweb\/?page_id=8"},"modified":"2018-05-24T19:51:45","modified_gmt":"2018-05-24T17:51:45","slug":"datenschutz","status":"publish","type":"page","link":"https:\/\/kleintierphysio-juelich.de\/?page_id=8","title":{"rendered":"Datenschutz"},"content":{"rendered":"<h1>Datenschutzhinweis gem\u00e4\u00df EU-Datenschutz-Grundverordnung (DGSVO)<\/h1>\n<p>Sehr geehrte Tierhalterin, sehr geehrter Tierhalter,<\/p>\n<p>beim Aufrufen dieser Homepage werden durch den vom Nutzer verwendeten Browser automatisch verschiedene Informationen an den Server, von dem diese Homepage in dem Moment abgerufen wird, \u00fcbertragen. Diese werden zumindest zeitweilig in einer Speicherdatei auf dem Server erfasst, einem sogenannten Log-File. Davon unbenommen sind Daten, die der Internetprovider des Nutzers auf gesetzlicher oder sonstiger Basis vom Nutzer erfasst und eventuell speichert. Vorbenannte Informationen sind z. B. die IP-Adresse des Nutzer-Endger\u00e4tes, Datum und Uhrzeit des Zugriffs, Name und Internetadresse der abgerufenen Dateien, die Ursprungswebseite, von der aus der Zugriff erfolgt, der zugreifende Browser und das Betriebssystem des Zugriffger\u00e4tes sowie der Name des Access-Providers des Nutzers. <\/p>\n<p>Zur Abwicklung des zwischen Ihnen und der mobilen Kleintierphysiotherapeutin Michaela Forbrig ein zugehenden Behandlungsvertrags verarbeiten wir von Ihnen sogenannte personenbezogene Daten (gem\u00e4\u00df Art. 6 Abs. 1 b) DGSVO). Das sind Ihr Name, Ihre Anschrift, Telefonnummer und E-Mailadresse. Die beiden Letztgenannten nutzen wir, um auf schnellem Weg mit Ihnen zu kommunizieren, falls es w\u00e4hrend einer Behandlung dringend notwendig ist oder auch, um mit Ihnen Behandlungstermine abzustimmen.<\/p>\n<p>Der f\u00fcr diese Datenverarbeitung zust\u00e4ndige Verantwortliche ist Frau Michaela Forbrig, Katharinenweg 33, 52428 J\u00fclich (gem\u00e4\u00df Art. 3 und 5 DGSVO). Bei Zustandekommen eines Behandlungsvertrags werden vorbenannte Daten f\u00fcr eine Dauer von mindestens 10 Jahren ab Erhebungsdatum bei uns gespeichert. Grundlage daf\u00fcr sind steuerrechtliche Verpflichtungen, Rechnungsdaten mindestens f\u00fcr diese Zeitspanne aufzubewahren. Die erhobenen Daten werden nach Ablauf dieses Zeitraumes gel\u00f6scht, es sei denn, es stehen steuerrechtliche oder andere gesetzliche Verpflichtungen dagegen oder sie sind weiterhin zur Erf\u00fcllung des urspr\u00fcnglichen Zwecks, f\u00fcr den sie verarbeitet wurden, erforderlich.<\/p>\n<p>Sie haben das Recht auf Auskunft dar\u00fcber, ob wir von Ihnen personenbezogene Daten verarbeiten und wenn dies zutrifft, welche wir verarbeiten (Art. 15 DSGVO). Dies betrifft besonders den Verarbeitungszweck, die Kategorie der personenbezogenen Daten, die Kategorien von Empf\u00e4ngern, denen Ihre Daten \u00fcbermittelt werden und die Speicherdauer Ihrer Daten. Gleichfalls steht Ihnen das Recht auf Berichtigung dieser Daten zu, wenn sie fehlerhaft verarbeitet wurden (Art. 16 DSGVO). Des Weiteren haben Sie das Recht auf L\u00f6schung (Art. 17 DSGVO) und Einschr\u00e4nkung der Verarbeitung Ihrer Daten (Art. 18 DSGVO) sowie auf Widerspruch gegen die Verarbeitung Sie betreffender, personenbezogener Daten (Art. 21 DGSVO). F\u00fcr Sie besteht au\u00dferdem ein Beschwerderecht bei einer datenschutzrechtlich zust\u00e4ndigen Aufsichtsbeh\u00f6rde (Art. 77 DSGVO).<\/p>\n<p>Die Aus\u00fcbung der vorbeschriebenen Rechte ist gegen\u00fcber dem eingangs benannten Verantwortlichen zu erkl\u00e4ren. Sie haben das Recht auf Daten\u00fcbertragbarkeit (Art. 20 DSGVO), d. h. \u00dcbermittlung der von Ihnen bereitgestellten Daten in einem strukturierten, g\u00e4ngigen und maschinenlesebaren Format an sich selbst oder an einen anderen Verantwortlichen.<\/p>\n<p>Ihre personenbezogenen Daten werden nur an Dritte weitergegeben, wenn Sie Ihre ausdr\u00fcckliche Einwilligung freiwillig dazu erteilt haben (Art. 6 Abs. 1 Satz 1 a) DSGVO) oder die Weitergabe zur Geltendmachung, Aus\u00fcbung oder Verteidigung von Rechtsanspr\u00fcchen erforderlich ist und kein Grund zur Annahme besteht, dass Sie ein \u00fcberwiegendes schutzw\u00fcrdiges Interesse an der Nichtweitergabe Ihrer Daten haben (Art. 6 Abs. 1 Satz 1 f), Abs. 4 DSGVO). Eine Weitergabe erfolgt weiterhin f\u00fcr den Fall, dass daf\u00fcr eine gesetzliche Verpflichtung besteht (Art. 6 Abs. 1 Satz 1 c) DSGVO) oder dies gesetzlich zul\u00e4ssig und f\u00fcr die Abwicklung von Vertragsverh\u00e4ltnissen mit Ihnen erforderlich ist (Art. 6 Abs. 1 Satz 1 b) DSGVO).<\/p>\n<p>Wenn Sie uns eine schriftliche Einwilligung zur Datenverarbeitung f\u00fcr bestimmte Zwecke erteilen (Art. 6 Abs. 1 a DGSVO), kann diese jederzeit und grundlos widerrufen werden (Art. 7 Abs. 3 DSGVO).<\/p>\n<p>Sind Sie mit den hier geschilderten Vorg\u00e4ngen nicht einverstanden, k\u00f6nnen wir Ihr Tier leider nicht behandeln, da wir in diesem Fall den gesetzlichen Vorschriften, u. a. aus \u00a7\u00a7 611 ff. BGB, \u00a7 14 Abs. 4 UStG in Verbindung mit \u00a7 33 UStDV nicht nachkommen k\u00f6nnten.<\/p>\n<p><strong>Erfassung von Daten auf dieser Webseite<\/strong><\/p>\n<p>Auf dieser Webseite werden zurzeit keine personenbezogenen Daten erfasst.<\/p>\n<p><strong>Verwendung von Strato Statistik<\/strong><\/p>\n<p>Diese Webseite verwendet Strato Statistik der Strato AG um herauszufinden welche Seiten von unseren Besuchern aufgerufen wurden. Zum Schutz von personenbezogenen Daten verwendet Strato Statistik keine Cookies. Zus\u00e4tzlich werden IP-Adresse und Browserkennung anonymisiert gespeichert, damit keine R\u00fcckschl\u00fcsse auf die einzelnen Besucher gezogen werden k\u00f6nnen.<\/p>\n<p><strong>\u00c4nderung unserer Datenschutzbestimmungen<\/strong><\/p>\n<p>Wir behalten uns vor, diese Datenschutzerkl\u00e4rung anzupassen, damit sie stets den aktuellen rechtlichen Anforderungen entspricht oder um \u00c4nderungen unserer Leistungen in der Datenschutzerkl\u00e4rung umzusetzen, z.B. bei der Einf\u00fchrung neuer Services. F\u00fcr Ihren erneuten Besuch gilt dann die neue Datenschutzerkl\u00e4rung.<\/p>\n","protected":false},"excerpt":{"rendered":"<p>Datenschutzhinweis gem\u00e4\u00df EU-Datenschutz-Grundverordnung (DGSVO) Sehr geehrte Tierhalterin, sehr geehrter Tierhalter, beim Aufrufen dieser Homepage werden durch den vom Nutzer verwendeten Browser automatisch verschiedene Informationen an den Server, von dem diese Homepage in dem Moment abgerufen wird, \u00fcbertragen. Diese werden zumindest zeitweilig in einer Speicherdatei auf dem Server erfasst, einem sogenannten Log-File. Davon unbenommen sind Daten,&#8230;<\/p>\n","protected":false},"author":1,"featured_media":0,"parent":0,"menu_order":0,"comment_status":"closed","ping_status":"closed","template":"","meta":{"footnotes":""},"class_list":["post-8","page","type-page","status-publish","hentry"],"_links":{"self":[{"href":"https:\/\/kleintierphysio-juelich.de\/index.php?rest_route=\/wp\/v2\/pages\/8","targetHints":{"allow":["GET"]}}],"collection":[{"href":"https:\/\/kleintierphysio-juelich.de\/index.php?rest_route=\/wp\/v2\/pages"}],"about":[{"href":"https:\/\/kleintierphysio-juelich.de\/index.php?rest_route=\/wp\/v2\/types\/page"}],"author":[{"embeddable":true,"href":"https:\/\/kleintierphysio-juelich.de\/index.php?rest_route=\/wp\/v2\/users\/1"}],"replies":[{"embeddable":true,"href":"https:\/\/kleintierphysio-juelich.de\/index.php?rest_route=%2Fwp%2Fv2%2Fcomments&post=8"}],"version-history":[{"count":11,"href":"https:\/\/kleintierphysio-juelich.de\/index.php?rest_route=\/wp\/v2\/pages\/8\/revisions"}],"predecessor-version":[{"id":140,"href":"https:\/\/kleintierphysio-juelich.de\/index.php?rest_route=\/wp\/v2\/pages\/8\/revisions\/140"}],"wp:attachment":[{"href":"https:\/\/kleintierphysio-juelich.de\/index.php?rest_route=%2Fwp%2Fv2%2Fmedia&parent=8"}],"curies":[{"name":"wp","href":"https:\/\/api.w.org\/{rel}","templated":true}]}}