{"id":16,"date":"2017-09-05T19:10:44","date_gmt":"2017-09-05T17:10:44","guid":{"rendered":"http:\/\/localhost\/tierphysioweb\/?page_id=16"},"modified":"2018-02-27T19:46:43","modified_gmt":"2018-02-27T18:46:43","slug":"blutegeltherapie","status":"publish","type":"page","link":"https:\/\/kleintierphysio-juelich.de\/?page_id=16","title":{"rendered":"Blutegeltherapie"},"content":{"rendered":"<table>\n<tbody>\n<tr>\n<td width=\"85%\"><span style=\"font-size: large;\">Durch meine Ausbildung zur Kleintierphysiotherapeutin bin ich auf diese kleinen tollen Helferlein aufmerksam geworden.<\/span><\/BR><br \/>\n<span style=\"font-size: large;\">Fr\u00fcher wurden sie gerne bei verschiedensten Krankheiten genutzt. Da durch Ihren Speichel auch entz\u00fcndungshemmende und Blut verd\u00fcnnende Substanzen freigesetzt werden, helfen sie auch gut bei Arthrosen und Spondylosen, so dass teilweise, je nach Wirkung, welche nicht bei jedem Hund\/Katze gleich ist, Schmerzmittel verringert oder gar weg gelassen werden kann.<\/span><\/BR><br \/>\n<span style=\"font-size: large;\">Die Egel helfen auch sehr gut bei Abszessen, da sie auch antibiotisch wirkende Substanzen im Speichel haben.<\/span><\/BR><br \/>\n<span style=\"font-size: large;\">Da das Blut des Hundes, der Katze verd\u00fcnnt wird, kommt es zu Nachblutungen, welche erw\u00fcnscht sind, je nach Tier aber bis zu 24\/48 Stunden anhalten k\u00f6nnen.<\/span><\/BR><br \/>\n<span style=\"font-size: large;\">Um die Blutegel richtig anwenden zu k\u00f6nnen, habe ich ein Fortbildungsseminar zur Blutegeltherapie an der Bibertaler Blutegelzucht absolviert.<\/span><\/BR><br \/>\n<span style=\"font-size: large;\">Gerne berate ich Sie hier\u00fcber ausf\u00fchrlich.<\/span><\/td>\n<td width=\"15%\"><img loading=\"lazy\" decoding=\"async\" class=\"alignnone size-medium wp-image-69\" src=\".\/wp-content\/uploads\/2018\/02\/Blutegel-Findus-1-300x225.jpg\" alt=\"\" width=\"300\" height=\"225\" \/><\/p>\n<p><img loading=\"lazy\" decoding=\"async\" class=\"alignnone size-medium wp-image-72\" src=\".\/wp-content\/uploads\/2018\/02\/Blutegel-Merlin-1-225x300.jpg\" alt=\"\" width=\"225\" height=\"300\" \/><\/p>\n<p><img loading=\"lazy\" decoding=\"async\" class=\"alignnone size-medium wp-image-70\" src=\".\/wp-content\/uploads\/2018\/02\/Blutegel-Fluffy1-1-230x300.jpg\" alt=\"\" width=\"230\" height=\"300\" \/><\/p>\n<p><img loading=\"lazy\" decoding=\"async\" class=\"alignnone size-medium wp-image-71\" src=\".\/wp-content\/uploads\/2018\/02\/Blutegel-Fluffy2-1-225x300.jpg\" alt=\"\" width=\"225\" height=\"300\" \/><\/td>\n<\/tr>\n<\/tbody>\n<\/table>\n","protected":false},"excerpt":{"rendered":"<p>Durch meine Ausbildung zur Kleintierphysiotherapeutin bin ich auf diese kleinen tollen Helferlein aufmerksam geworden. Fr\u00fcher wurden sie gerne bei verschiedensten Krankheiten genutzt. Da durch Ihren Speichel auch entz\u00fcndungshemmende und Blut verd\u00fcnnende Substanzen freigesetzt werden, helfen sie auch gut bei Arthrosen und Spondylosen, so dass teilweise, je nach Wirkung, welche nicht bei jedem Hund\/Katze gleich ist,&#8230;<\/p>\n","protected":false},"author":1,"featured_media":0,"parent":0,"menu_order":0,"comment_status":"closed","ping_status":"closed","template":"","meta":{"footnotes":""},"class_list":["post-16","page","type-page","status-publish","hentry"],"_links":{"self":[{"href":"https:\/\/kleintierphysio-juelich.de\/index.php?rest_route=\/wp\/v2\/pages\/16","targetHints":{"allow":["GET"]}}],"collection":[{"href":"https:\/\/kleintierphysio-juelich.de\/index.php?rest_route=\/wp\/v2\/pages"}],"about":[{"href":"https:\/\/kleintierphysio-juelich.de\/index.php?rest_route=\/wp\/v2\/types\/page"}],"author":[{"embeddable":true,"href":"https:\/\/kleintierphysio-juelich.de\/index.php?rest_route=\/wp\/v2\/users\/1"}],"replies":[{"embeddable":true,"href":"https:\/\/kleintierphysio-juelich.de\/index.php?rest_route=%2Fwp%2Fv2%2Fcomments&post=16"}],"version-history":[{"count":15,"href":"https:\/\/kleintierphysio-juelich.de\/index.php?rest_route=\/wp\/v2\/pages\/16\/revisions"}],"predecessor-version":[{"id":156,"href":"https:\/\/kleintierphysio-juelich.de\/index.php?rest_route=\/wp\/v2\/pages\/16\/revisions\/156"}],"wp:attachment":[{"href":"https:\/\/kleintierphysio-juelich.de\/index.php?rest_route=%2Fwp%2Fv2%2Fmedia&parent=16"}],"curies":[{"name":"wp","href":"https:\/\/api.w.org\/{rel}","templated":true}]}}